he units digit of k(b)?
3
What is the thousands digit of (-8 - (-26144 + 8 + -6)) + -10?
6
Suppose 0 = -s - 3*t - 4508 + 17783, -4*s - 2*t = -53080. What is the tens digit of s?
6
Suppose 4*i = -2*m + 82648, -124012 = -3*m + 76*i - 74*i. What is the ten thousands digit of m?
4
What is the thousands digit of ((-1597284)/1872)/(1/(-48))?
0
Suppose -i + 5*t = -9504, -3*i - t + 7727 = -20801. What is the units digit of i?
9
Let p = 21 + -23. Let r be (-6 + 4)/p + (-1 - -2). What is the hundreds digit of (-2 - (-6)/r)*110?
1
Let n(f) = -212*f - 17. Let w be n(-4). Suppose -4*z + 109 + w = 0. Let h = -114 + z. What is the tens digit of h?
2
Let j = -136 + 143. What is the tens digit of ((-298)/(-4))/((j/(-1))/(-28))?
9
What is the thousands digit of 4895 + 1*65/5?
4
Let b(g) = -g**3 - 3*g**2 + 3*g + 2. Let n be b(-4). Let k be 1 - 0 - (-2136)/n. Suppose -6*r - r + k = 0. What is the units digit of r?
1
Suppose -13*m + 204144 = 18*m - 7*m. What is the thousands digit of m?
8
Suppose s = a, s + a - 5 = 3. Suppose 4*j + 4*l = 4012, 4*j = 6*j - s*l - 2036. What is the tens digit of j?
0
What is the units digit of (-6)/87 - 5988950/(-638)?
7
Let p = -76 - -61. Let h be (-20)/p*-3 + 10. Suppose 0 = -3*c + 9 - h, -c = 3*k - 52. What is the tens digit of k?
1
Let h(s) be the third derivative of -7*s**6/120 - 17*s**5/60 - s**4/6 - 19*s**3/3 - 247*s**2. What is the thousands digit of h(-7)?
1
Let k be -580*(88/(-16) - -5). Let a = k - -60. What is the hundreds digit of a?
3
Let k be (6 - 5)*(1 + (-3)/(-3)). Suppose -k*q - 48 = 232. Let t = 242 + q. What is the hundreds digit of t?
1
Suppose -57*s = 79123 - 287572. What is the units digit of s?
7
Suppose 0 = -3*i + 5*z + 211932, -3*i - 33*z = -34*z - 211944. What is the tens digit of i?
4
Suppose 3*i + 176 = -3*w - 37, 5*w + 3*i = -349. What is the hundreds digit of 3980/24 - (w/(-24) + -3)?
1
Suppose m + 4*c + 39 = 0, -7*c + 10*c - 4 = m. Let s(w) = 4*w + 80. What is the units digit of s(m)?
4
Let o(u) be the second derivative of 23*u**3/6 + 2*u**2 - 6*u. Let r be o(-2). Let f = r + 83. What is the tens digit of f?
4
Suppose -1852 = 7*t + 1515. Let v = t - -714. Let i = -88 + v. What is the hundreds digit of i?
1
Let s(m) = -55*m - 60. Let a(b) = 9*b + 6 + 0 + 0*b + 4. Let w(r) = -25*a(r) - 4*s(r). What is the units digit of w(-7)?
5
Let q(i) = -36*i**3 + 1. Let b be (6/(-7))/((-5)/245). Let y = b + -43. What is the units digit of q(y)?
7
Suppose r - 12271 + 1908 = 3553. What is the thousands digit of r?
3
Let p(j) = -1143*j**3 + 2*j**2 - 4*j + 4. Let d be p(2). What is the units digit of 6/4*5/((-150)/d)?
7
Suppose 0 = -3*v - 5*i + 253 + 229, 0 = -2*v + 5*i + 338. Let s = 250 + v. What is the units digit of s?
4
Let u = 22 + -6. Suppose 6*g + u + 14 = 0. What is the tens digit of 17 + 4 + g + -3?
1
Let g(o) = -71*o + 6. Let a(l) = 147*l - 10. Let x(t) = -4*a(t) - 7*g(t). Let m be (-2 + 0 + 1)*1. What is the units digit of x(m)?
9
Let u(g) = -6 - 4*g + 8*g**2 + g + 2*g**3 + 4*g - 7. Let b be u(-6). Let c = 251 + b. What is the tens digit of c?
8
Suppose 54*h = -4*h + 11832. Let g = h + -62. What is the units digit of g?
2
Let c(a) = -a**3 - 6*a**2 - 8*a + 6. Let z be c(-4). Suppose -z*f + 1824 = 2*f. What is the hundreds digit of f?
2
Suppose -2980 = 27*j - 22*j - 2*t, 3*j = -4*t - 1814. What is the tens digit of (-564466)/j + 2/26?
4
Suppose -4*q = -3*t - 9*q + 61218, 4*t = -2*q + 81596. What is the thousands digit of t?
0
Suppose 4*j - 5*u = 18152, 4730 - 199 = j - 3*u. What is the tens digit of j?
4
Suppose -10*x + 3*i = -498822, -x + 3*i - 5*i = -49873. What is the thousands digit of x?
9
Let t be (9/(-7))/((-2)/14). Let q be ((-6)/t + (-1)/(-6))*-114. Suppose -22*l + 21*l + q = 0. What is the tens digit of l?
5
Suppose -5*n + o = -28, -1 = -n + o + 3. Suppose 937 = 5*i + 2*f, -8*i + 2*f + 372 = -n*i. What is the units digit of i?
7
Suppose 100522 = -66*v + 123*v - 19349. What is the hundreds digit of v?
1
Let o be ((-8)/14)/(12/(-42)). Suppose m - 42 = o*m. Let n = -41 - m. What is the units digit of n?
1
Suppose -70*f - m - 151167 = -73*f, -3*f + 2*m = -151176. What is the thousands digit of f?
0
Let a(j) = -40*j**3 - 4*j**2 - 14*j + 68. Let m(s) = 26*s**3 + 3*s**2 + 9*s - 45. Let l(z) = 5*a(z) + 8*m(z). What is the tens digit of l(4)?
6
Let g = 97395 - 64206. What is the thousands digit of g?
3
Suppose -3*w + 5*x = -5428, -3*x = -56*w + 51*w + 9052. What is the units digit of w?
1
Let l = -4592 - -42875. What is the units digit of l?
3
Suppose 115474 + 233078 = 28*i - 31548. What is the units digit of i?
5
Let z(g) = 181*g - 1136. What is the thousands digit of z(29)?
4
Suppose -23*o = 271267 - 691891. What is the ten thousands digit of o?
1
Suppose -14*x - 12*x + 29770 = 0. Let u = x + -551. What is the units digit of u?
4
Let k be -5 + 4 - (2 + -13). Let g(c) = c**3 - 10*c**2 - c + 13. Let n be g(k). Suppose 126 = 4*b + 3*s, b - 4*b = -n*s - 105. What is the units digit of b?
3
Let g = 14 + -2. Let d(a) = -15*a + 15. Let n be d(g). What is the units digit of n/(-11)*(-20)/(-3)?
0
Suppose -3*w = -2*n, 0 = -4*w - 2*n - n. Let d be 1/(1*((-4)/(-28) - w)). Let v(b) = -b**3 + 12*b**2 - 16*b - 9. What is the units digit of v(d)?
4
Let v(u) = 2*u - 4. Let w be v(5). What is the units digit of (w/(-12))/(1/(-676))?
8
What is the ten thousands digit of (-1817939)/(-114) - 12/(-72)?
1
Let k(y) = -y**3 - 12*y**2 + 12*y + 28. Let u be k(-13). Suppose 5 - u = -9*h. Suppose -5*g = -5*i - 1160, 4*i = h + 8. What is the units digit of g?
5
Suppose -11*b = -b + 60. What is the units digit of (-285)/171 + (-1990)/b?
0
Suppose 218*p - 253586 = 12592. What is the units digit of p?
1
Suppose -3*j - 2*o = -22249, -840*j = -842*j + 4*o + 14838. What is the units digit of j?
7
Suppose 3705 = o + 244. Suppose -35*d - o = -23761. What is the hundreds digit of d?
5
Let g(w) = w**2 + 7*w + 4. Let n be g(-6). Let y be (7/14)/(n/(-44)). Suppose -166 + y = -5*j. What is the units digit of j?
1
Suppose v - 4*k - 28668 = 0, -2*v + 9*k + 57321 = 6*k. Suppose -v = 83*y - 99*y. What is the units digit of y?
1
Let x(k) = 447*k**2 - 27*k - 90. What is the units digit of x(-4)?
0
Let u be 3 + (-90)/24 - (-1095)/4. Let w = u - -562. What is the units digit of w?
5
Suppose g = -a + 7, -2*g + 7*g - 59 = a. Suppose 4*i - 2195 = -3*u, 8*i + 4*u + 1665 = g*i. What is the units digit of i?
1
Let j = 9 + -3. Let i = -88 - -94. What is the tens digit of (i/3)/(j/291)?
9
Let n be (-2)/(52/386) + (-322)/2093. Suppose 5*w - 20 - 5 = 0. What is the units digit of 106/6 - w/n?
8
Let m be (1 - -1) + 2/2 + -5. Let u be (-2)/(2/(-5)) + m. Suppose p = -h + 112 - 33, -u*p - 5*h + 239 = 0. What is the tens digit of p?
7
Let p(n) = 6*n**2 + 14*n + 53. Suppose -10 = -5*u - 50. What is the units digit of p(u)?
5
Let c = 35445 - 15076. What is the thousands digit of c?
0
Suppose 40 = -2*t + 2*m, -5*t = m + m + 86. Let y(g) = g**2 + 9*g + 61. What is the tens digit of y(t)?
2
Let n = -2586 - -39007. What is the tens digit of n?
2
Suppose 336 = -2*c + 6*c + 4*o, -12 = 3*o. Suppose 13*y = 2*y + c. Let v = y + -4. What is the units digit of v?
4
Let f(c) = c**3 - 53*c**2 + 102*c - 48. Let o be f(51). What is the thousands digit of (1/3)/(8/o) + 1614?
1
Let y be 8/(-7) + 3/21 + 1596. Suppose -3*x + 5*g = 2*x - y, 2*g + 8 = 0. What is the tens digit of x?
1
Let f be 1*3*7*1/7. Suppose -f*y = 11 - 5. What is the tens digit of 3 - (-12 - (y + 2))?
1
Let a(w) = -2*w**3 - 3*w**2 - 39*w + 57. What is the units digit of a(-21)?
5
Let n(p) = 4*p**2 + 10*p - 14. Let x be n(-10). Suppose 64*l = 54*l + 4450. Let v = l - x. What is the units digit of v?
9
Suppose -5*p - 6 + 30 = 2*m, 3*p = 4*m + 4. Suppose 2*h - 6 = d, -h - 6 = 2*d - m*h. Let k(s) = -5*s**3 + 2*s**2 + s - 2. What is the tens digit of k(d)?
4
Suppose 744 = 32*p - 29*p. Let y = -40 - 91. Let x = y + p. What is the hundreds digit of x?
1
Let c be 7*(2 - 1)*-2. Let k be c*((-3)/2 - 2). What is the units digit of (7 - k)/((-2)/2)?
2
Suppose 0 = 6*a - 228692 + 46454. What is the units digit of a?
3
Let l = -160 + 162. Suppose -5*z + 1173 = 2*h, 6*z - 2*z + l*h - 938 = 0. What is the units digit of z?
5
Suppose -3*a + 1430 = -4*h, -3*h = -a + 2*a + 1066. Let t = h + 502. What is the tens digit of t?
4
Let s(f) = 8